
-c606aa
In base 16, what is -27 - 12dfc6?
-12dfed
In base 7, what is 340 + -236454?
-236114
In base 12, what is -87257 + 118?
-8713b
In base 9, what is -2 - -2157124?
2157122
In base 10, what is -338 + -14481?
-14819
In base 10, what is -5431687 + 4?
-5431683
In base 5, what is 13 - 422423343?
-422423330
In base 8, what is 34742 - -20?
34762
In base 6, what is 30505052 - 245?
30504403
In base 13, what is 3332a7 + 4?
3332ab
In base 11, what is 12026a027 + -5?
12026a022
In base 8, what is -243713036 - -20?
-243713016
In base 3, what is -2 - 1000100101000101?
-1000100101000110
In base 10, what is -93 - -255010?
254917
In base 3, what is -10101022220221 - 21?
-10101022221012
In base 15, what is 7 - -87e717?
87e71e
In base 14, what is -888906 - -a?
-8888da
In base 3, what is 102102 - -122120120?
122222222
In base 5, what is 3 - 24240022024?
-24240022021
In base 4, what is 23 - 1203323123?
-1203323100
In base 15, what is -307 - -1c535?
1c22d
In base 15, what is 0 + -281a17?
-281a17
In base 8, what is -53634346 + 2?
-53634344
In base 7, what is 244 + 6056?
6333
In base 9, what is -586588 + -1377?
-588076
In base 7, what is 10 + 2035450611?
2035450621
In base 12, what is -18898 - 3553?
-2022b
In base 9, what is 2448 + -714?
1634
In base 16, what is dc - a2ca2?
-a2bc6
In base 2, what is 1101111000110001 + -10010101000?
1101100110001001
In base 11, what is -8076606 - -15?
-80765a1
In base 6, what is 0 - -322210533?
322210533
In base 5, what is 32010134 - 1044?
32004040
In base 13, what is -1b + 8121b7?
812199
In base 7, what is -14 + -2052133?
-2052150
In base 13, what is 1945506 - -3?
1945509
In base 15, what is -5 - -5bd138c?
5bd1387
In base 7, what is 110623050 - 136?
110622611
In base 7, what is 2 + -401412?
-401410
In base 16, what is 11f7 + 9da?
1bd1
In base 2, what is -11 + 1000000001011110110010111?
1000000001011110110010100
In base 2, what is -10010011100000011100000 - 10?
-10010011100000011100010
In base 6, what is -432 + -25244?
-30120
In base 4, what is -3 + 1203132123?
1203132120
In base 9, what is 2481848 + 8?
2481857
In base 3, what is -1202101110001 - 2?
-1202101110010
In base 8, what is 135661771 + 0?
135661771
In base 12, what is -7478b5b + 3?
-7478b58
In base 12, what is -5 + -1bb4621?
-1bb4626
In base 11, what is -226080 + 2a?
-226051
In base 6, what is -3 + -221241440?
-221241443
In base 6, what is -542410341 - 0?
-542410341
In base 11, what is 3a39 - -4751?
868a
In base 2, what is -1101101011001111010000010100 + 10?
-1101101011001111010000010010
In base 11, what is -851561 - -a6?
-851466
In base 6, what is 432035131 + -13?
432035114
In base 12, what is 85 + 364b0?
36575
In base 3, what is -20220210 + 212100?
-20001110
In base 2, what is 100 + 11010100101000001001100010?
11010100101000001001100110
In base 4, what is -2002223112 + 131?
-2002222321
In base 15, what is 4 + 6a7b8?
6a7bc
In base 8, what is 0 - -40017477?
40017477
In base 7, what is 10455 - 11043?
-255
In base 6, what is -53204 + 111424?
14220
In base 14, what is -113b + 718a?
604d
In base 14, what is 1c + -5393d?
-53921
In base 13, what is a2a6 + 13148?
20421
In base 8, what is 22 + -234007?
-233765
In base 6, what is -233044 + -542?
-234030
In base 3, what is -1002010 + 22010020?
21001010
In base 9, what is -4 + 456836627?
456836623
In base 12, what is 3b1829a - 6?
3b18294
In base 13, what is -10b + 2968ac?
2967a1
In base 5, what is 20002 + -204120?
-134113
In base 16, what is -123116a + 3?
-1231167
In base 15, what is 7c0 - -8b1b?
93db
In base 3, what is 1202221112 - -20011220?
2000010102
In base 9, what is 26801 + 78?
26880
In base 4, what is -13100333121321 - -2?
-13100333121313
In base 13, what is -13b - 4b56aa?
-4b5818
In base 14, what is -a7 - -42126?
4205d
In base 5, what is 204124401 - 131?
204124220
In base 5, what is 334022322 + -1?
334022321
In base 11, what is 1409a + -1501?
12699
In base 10, what is -3357246 - 0?
-3357246
In base 12, what is 550 - -a850?
b1a0
In base 9, what is -23 + -131563687?
-131563721
In base 11, what is -3 + 1455861?
1455859
In base 13, what is 19 + 3005099?
30050b5
In base 13, what is 3 + -438848?
-438845
In base 7, what is -10 + 415654222?
415654212
In base 8, what is 475521 + 20?
475541
In base 3, what is -122221 + 10022102201?
10021202210
In base 12, what is 40 + 6a74b7?
6a7537
In base 9, what is -73 + 1310666?
1310583
In base 4, what is -12300 - 100030300?
-100103200
In base 8, what is -61133765 + -4?
-61133771
In base 16, what is -101f8832 - 0?
-101f8832
In base 8, what is 2266353 - -30?
2266403
In base 4, what is -101212 - 31021122?
-31123000
In base 5, what is 2210322 - -222133?
2433010
In base 13, what is -47 + 13ca9?
13c62
In base 6, what is -12314 + 45550?
33232
In base 14, what is 14b9604 - a?
14b95d8
In base 5, what is 3342443 - 202320?
3140123
In base 8, what is 532 + -16427?
-15675
In base 11, what is -16a03 + -453?
-17356
In base 7, what is -25 - -513226150?
513226122
In base 8, what is 1115 + 741710?
743025
In base 15, what is 2554277 - d?
2554269
In base 8, what is -4376 + -50357?
-54755
In base 13, what is -b - ac2089?
-ac2097
In base 4, what is -210101322 + -122320?
-210230302
In base 15, what is 1557b350 - 4?
1557b34b
In base 9, what is -507402 - -663?
-506628
In base 3, what is -100000122 + -21220002?
-121220201
In base 7, what is 15 + 122613406?
122613424
In base 8, what is 747204602 + -2?
747204600
In base 8, what is -1 + -6330723?
-6330724
In base 15, what is -301166 - -3?
-301163
In base 5, what is 4 - 1404324242?
-1404324233
In base 16, what is 3b8 - -1592?
194a
In base 7, what is -1 - -25560613?
25560612
In base 9, what is 2480 - 2053?
426
In base 11, what is -88177 + a1?
-88086
In base 12, what is 8749 - -239b?
ab28
In base 11, what is -9 + -13a0286?
-13a0294
In base 12, what is -52 - 429286?
-429318
In base 12, what is 798 - -69?
845
In base 13, what is -663a3 + -233?
-66606
In base 16, what is 63c0d8 + 7?
63c0df
In base 9, what is 4 + 65148515?
65148520
In base 12, what is 253972 - 780?
2531b2
In base 14, what is 684 - -5c71?
6515
In base 12, what is 187a - -5526?
71a4
In base 16, what is e + c87cad?
c87cbb
In base 11, what is 4a82a3 + -7a?
4a8224
In base 16, what is 4 + -464d18?
-464d14
In base 11, what is -117316 - 9?
-117324
In base 8, what is -10557254 + -20?
-10557274
In base 4, what is -201103000 - -23003?
-201013331
In base 4, what is -120222232 - 1332131?
-122221023
In base 12, what is -687906 - 10a?
-687a14
In base 8, what is 111004700 - 41?
111004637
In base 14, what is -b55dd - d?
-b560c
In base 11, what is -15483 + -25a3?
-17a76
In base 3, what is -2002021 - -1012102012?
1010022221
In base 12, what is -4 - -1429426?
1429422
In base 16, what is 117 + c936?
ca4d
In base 2, what is 10110 + -11100011111100100111100?
-11100011111100100100110
In base 12, what is 1a7 - 11b36?
-1194b
In base 7, what is -141 + -1201603?
-1202044
In base 2, what is 110000100111100 + 10100001001111?
1000100110001011
In base 7, what is 1 + 3206215511?
3206215512
In base 16, what is -1085 - -e2?
-fa3
In base 11, what is -2387a74 + 6?
-2387a69
In base 7, what is 613510021 - -4?
613510025
In base 10, what is 17 + 120201?
120218
In base 6, what is 3 + -1250511244?
-1250511241
In base 7, what is -234454143 + -1?
-234454144
In base 8, what is -1342312766 - 5?
-1342312773
In base 4, what is 13312 - 2322321?
-2303003
In base 14, what is -436b + -781a?
-bb87
In base 4, what is 1003320 + -103002112?
-101332132
In base 3, what is -10202110121 + 0?
-10202110121
In base 10, what is 37613958 - 1?
37613957
In base 7, what is 4 - 1065365302?
-1065365265
In base 10, what is 6 + 30606?
30612
In base 14, what is 533db7 + -3?
533db4
In base 4, what is -103033310 + 13?
-103033231
In base 7, what is -246224 - 421?
-246645
In base 8, what is -55453554 - -4?
-55453550
In base 2, what is -100100111111101001100110010 - 0?
-100100111111101001100110010
In base 11, what is -757 - -234542?
233896
In base 4, what is 0 - 120030222231?
-120030222231
In base 4, what is -110233 + 112301?
2002
In base 7, what is -2206621334 + -4?
-2206621341
In base 14, what is -3a972c60 + -5?
-3a972c65
In base 4, what is -3011221 - -30321120?
21303233
In base 5, what is 1410 - 32012?
-30102
In base 3, what is 22220120201 + -12002?
22220101122
In base 3, what is 2201